+ 39 + r**2 - t. What is n(6)?
-21
Let m be (9/9)/(7/14). Let p(g) = 1598*g**3 + 5 - 1597*g**3 + 10*g + 12*g**2 - 2*g**m. Let d be -6*3/2 + 0. Calculate p(d).
-4
Let v = 5 + -8. Let z be -1*4/6*v. Let g(l) = 4*l + 784. Let u(c) = c + 174. Let r(y) = -2*g(y) + 9*u(y). Determine r(z).
0
Let r(n) = 10820 - 6*n**2 - 3*n**3 + 0*n + 2*n**3 + 0*n - 10813. Let t be (-10)/(-55) - (-68)/(-11). What is r(t)?
7
Let z be 5/(14 - -1)*48. Let n be (4 - -2) + z + -23. Let q(t) = -t**3 + 3*t**2 + t. Calculate q(n).
3
Let f be 66/55*(4 + 7/(-3)). Suppose i = -0*k - 3*k + 7, i + 1 = k. Let n(g) = 2 + 8*g**2 + 8*g**k - 6*g**2 - f*g - 9*g**2. Calculate n(3).
5
Let h be (5/(-4))/((-23)/(-92)). Let n(p) be the second derivative of -p**3/3 - 5*p**2/2 - 704*p. Give n(h).
5
Let w(m) = m**3 + 21*m**2 - 18*m - 17. Let v(f) = -3*f**3 - 39*f**2 + 34*f + 31. Let t(j) = 2*v(j) + 5*w(j). Calculate t(26).
81
Suppose -n - 46 = -3*o, o + 4*n + 6 = -n. Let z(x) = -3*x + 39. Determine z(o).
-3
Let y(s) = -s**3 - 5*s**2 + 14*s + 6. Let o = 165 - 172. Let z be y(o). Let m(v) = v - 8. Calculate m(z).
-2
Let y(a) = -11*a**2 + 2907*a - 1455*a - 36 + a**3 - 1441*a. What is y(10)?
-26
Suppose 14*y = 11530 - 11110. Let n(z) = -z**3 + 30*z**2 + z - 9. Determine n(y).
21
Suppose 2*z - 5 = 17. Let o(v) = v**3 - 9*v**2 - 22*v + 3. Let i be o(z). Let n(x) = -x**2 + 3*x + 2. What is n(i)?
2
Let k = -2961 + 2970. Let l(g) = -2*g + 23. Determine l(k).
5
Let i(g) = g**2 + 5*g + 2. Let t be -24*(1/(-24))/(4/(-24)). Calculate i(t).
8
Suppose 4*m + 2*m + 491 = 521. Suppose -7*t + 8 = -3*t. Let j(z) = -3*z**2 + 2*z**t + z**2 - z**2 + 6 + 5*z. What is j(m)?
6
Let y be ((-2)/(-4) - 2)/((-45)/60). Suppose -y*w + 4*w = 2*p + 2, w = 5*p - 11. Let x(q) = -4*q**p - 5*q + 3*q**3 - 2*q**2 + 4 - 7 + 2*q. Determine x(-2).
3
Let s = 519 - 517. Let d(g) = 530*g - 1 - 266*g - 4*g**s - 261*g. Give d(-3).
-46
Let p(s) = -5*s**2 - 22. Let b(h) = -4*h**2 - 21. Suppose 0 = 4*k - 9*k + 25. Let i be (-11)/k - (-12)/(-15). Let w(v) = i*p(v) + 4*b(v). Determine w(0).
-18
Suppose 0 = -2*v - 6*m + 18, 50*v - 45*v + 3*m = 33. Let g(t) = -t**2 + 11*t - 46. Give g(v).
-16
Let r(b) = -34*b - 44*b + 162*b - 31*b - 33*b + 197. Determine r(-10).
-3
Let y(l) = 6*l - 69. Let r(j) = -7*j + 71. Let o(q) = -3*r(q) - 4*y(q). Let w be o(22). Let a(k) = k**2 + 2*k - 5. What is a(w)?
-2
Let l be 9/((6/(-9))/(-1))*2. Let a(z) = l*z - z**2 - 34*z - 45 + 49. Calculate a(-9).
-14
Let k(m) = -m**2 + 7*m - 4. Let d be 4 + 5/((-35)/(-182)). Let o be -7 + d/2 + -4. What is k(o)?
8
Let g(y) be the second derivative of -1/12*y**4 + 3/2*y**3 + 55*y - 2 + 0*y**2. Give g(5).
20
Let y be -4*1*7/(-112)*44. Suppose 32 = -3*x - 4*c, -8*c = -x - 5*c + y. Let s(t) = t**3 + 4*t**2 - 6*t - 5. Calculate s(x).
19
Let a(l) be the second derivative of -l**3/6 - 39*l**2/2 + 6705*l. Determine a(-30).
-9
Suppose -4*c + 163 = x, -3*x - 111 = -2*c - c. Let i be (-3)/(-2)*c/12. Let w(q) = 3*q - 4. Calculate w(i).
11
Suppose -5*f - 224 = -7*h + 4*h, 0 = -5*f - 5. Let a = 77 - h. Let y(u) = a - 3*u**3 + u**2 - 3*u**3 - 2*u**3 - 3 - 2*u. Determine y(1).
-8
Let x(c) = 6*c**2 - 2. Let u = 28754 - 28752. Calculate x(u).
22
Let k(v) be the second derivative of -9*v**4/4 + 13*v**3/6 + v**2 + 53*v. Let r(j) = 17*j**2 - 9*j - 1. Let z(t) = 5*k(t) + 8*r(t). What is z(5)?
-8
Let h(f) = 21*f - f**2 - 2*f**2 + f**2 + 5 - f - f**2. Give h(10).
-95
Let o(w) = 4*w**3 + 21*w**2 + 2*w + 8. Let t be o(-5). Let x(r) = r**2 - 24*r + 11. Give x(t).
-12
Let k be ((-2)/(-1))/(5*(-4)/(-20)). Let w(o) = 17*o**k + 2*o - 16*o**2 - o + 4. Give w(0).
4
Let j(y) be the second derivative of -17*y - 1/2*y**2 + 1/6*y**3 + 0. Let h = 52 - 48. Give j(h).
3
Let g(a) = -5*a**2 + 61*a + 24. Let w(m) = m**2 - 15*m - 6. Let u(x) = 2*g(x) + 9*w(x). Let h = -146054 + 146041. What is u(h)?
-6
Let x(y) = 106*y**2 + 10*y + 4. Let f(g) = 71*g**2 + 7*g + 3. Let r(d) = 7*f(d) - 5*x(d). Let m(q) = -q**3 + 18*q**2 - 45*q + 1. Let c be m(15). Give r(c).
-33
Let t(j) = 20*j - 14. Let u be t(1). Let o(p) = 10*p**2 + 17*p + 9. Let n(s) = -11*s**2 - 20*s - 10. Let q(m) = u*o(m) + 5*n(m). What is q(-3)?
43
Let m(q) be the second derivative of -3*q + q**2 + 1/3*q**3 + 0. Let r be (1 + -6)/(17 + 728/(-39)). What is m(r)?
8
Let m(h) = 9*h**3 - h**2 + 11*h - 6. Let z(d) = -23*d**3 - 21*d + 14. Let t(p) = 5*m(p) + 2*z(p). Give t(-7).
5
Let o(r) = -2*r**2 + 4*r. Let s(y) = -y**2 + 2*y + 1. Let z = 505 + -508. Let t(k) = z*s(k) + 2*o(k). Determine t(5).
-18
Let m(j) = -14*j - 9*j - 8*j + 21 + 36*j. Calculate m(-5).
-4
Let i(u) = 2*u - 1. Let k be (1738/66)/((-1)/(-3)). Suppose -5 = r - 5*p - 0*p, 0 = -5*r - p + k. Let h = -13 + r. Give i(h).
3
Let s(o) = -13*o + 18. Let h be s(-1). Suppose h*v - 81 - 105 = 0. Let m(w) = -4*w**2 + 6*w**2 - 2*w + 4*w**2 + 8 - w**3. Calculate m(v).
-4
Let r(y) = -y**3 + 14*y**2 + 146*y - 2072. Let c be r(13). Let z(b) = b**3 + 6*b**2 + 7*b + 15. Give z(c).
5
Suppose -32*k + 132 = k. Let p(a) be the third derivative of 2*a**2 + 0*a - 2/3*a**3 - 1/4*a**k + 0. Determine p(-3).
14
Let g(w) = 1 + 1313*w + 1314*w + 1305*w + 1310*w - 5243*w. Determine g(9).
-8
Suppose 75*a = 267*a + 696 + 72. Let m(z) = 5*z**2 + z - 14. Calculate m(a).
62
Let o(r) = -9*r - 70. Suppose -107*z - 14*z = 847. What is o(z)?
-7
Suppose -4*z - 31 = -11. Let g(x) be the third derivative of -47*x**2 + 0*x - 1/12*x**4 + 0 - 7/6*x**3. Give g(z).
3
Let a(t) = 20*t - 173. Let i be a(12). Suppose 66 - i = o. Let u(n) = 8*n - 1. What is u(o)?
-9
Let o(z) be the third derivative of -z**5/60 - z**4/24 - 13*z**3/2 + 122*z**2. Suppose 4*g = 2*g. What is o(g)?
-39
Let g(q) = -12*q - 5. Let n = -5617 + 5620. Calculate g(n).
-41
Let p(n) = -2*n**2 + 9. Let x be 0*(189/504 + 10/16). Give p(x).
9
Let a(k) = -k**2 - 4*k - 6. Let p be (22/(-33))/(2/(-9)). Suppose -2*d + i - 13 = 0, 4*i - 36 = p*d - 14. What is a(d)?
-18
Let z(c) = -19*c**2 - c**3 - 44*c + 2*c**2 - 3*c**2 + 66 + 10*c - 25. Give z(-18).
5
Let p(c) = 2*c - 5. Let r be 45/(-7) + (-3)/(-7). Let v(u) = 14 - 11 - 4*u - 9 + 2*u. Let d be v(r). Calculate p(d).
7
Let w(u) = u**2 + 30*u - 25. Let l be w(-31). Let k(r) = -13*r + 82. Let s be k(l). Let a(j) = j**3 - 2*j**2 - 3*j - 5. Determine a(s).
15
Let y = -17267 - -17257. Let l(x) = -4*x**2 - 29*x + 14. What is l(y)?
-96
Let a(b) = 2*b + 1. Let u be a(3). Suppose -u = -2*c + 21. Let o = 7 - c. Let l(v) = -v - 9. Give l(o).
-2
Let h(d) = -d**2 - 141*d + 141. Let r be h(1). Let z(x) = -x + 6. Give z(r).
7
Let w(q) = -q**2 + 1. Let m(r) = -r**3 - 10*r**2 + 26*r + 164. Let y be m(-11). Calculate w(y).
0
Let i(l) = -l**3 - 9*l**2 + 11*l. Suppose -68*s - 345 - 335 = 0. Calculate i(s).
-10
Let z(g) = 27*g**3 + 79*g**2 + 97*g - 56. Let i(p) = -5*p**3 - 16*p**2 - 19*p + 12. Let q(c) = -11*i(c) - 2*z(c). Determine q(-17).
14
Let l(z) = -3*z**3 - 4*z**2 + z. Let a be 3786/8 - 147/(-84). Let i = -478 + a. What is l(i)?
42
Let u(f) = -49*f - 98. Let v(s) = 15*s + 32. Let h(r) = -2*u(r) - 7*v(r). What is h(-5)?
7
Let p(t) = t**2 - t - 6. Let u(n) = 3*n**2. Let a be u(-1). Let z = 1465 + -1462. Suppose -y - a*r + 10 = 0, 0*y = z*y + 3*r. Determine p(y).
24
Let i(u) = 11*u - 2. Let t(j) = 62*j - 24*j - 25*j. Let b(q) = -3*i(q) + 2*t(q). Determine b(4).
-22
Let g(b) = -b**3 - 2*b**2 + b**3 - b**3 + 2. Suppose 0 = -5*h + 2*p - 22, 5*p = -64*h + 68*h + 21. Give g(h).
34
Suppose -239 - 36 = -25*f. Let q(b) = b - 27. Calculate q(f).
-16
Let u(m) = 2*m**3 - 3*m**3 - m**2 + 12*m - 14*m. Let a(i) = 2*i**3 + 16*i**2 - 4*i + 10. Let q be a(-8). Let h be (-7)/2*24/q. Give u(h).
8
Let w be -2 - -2 - (-10)/5. Let k(i) = 9*i**2 + 3 - 9*i - w + 4 - i**3 + 3. Give k(8).
0
Let b be (0 + -2 + -2)*-1*1. Suppose -2*r - 4*x = 0, -r + x = -b - 5. Let f(y) = r - 15*y + 3*y**2 - y**3 + 2*y - 10*y**2 + 9*y. Give f(-6).
-6
Let d(l) = l**2 + 3*l - 1. Let k be d(-5). Let q(u) be the first derivative of -u**2/2 + 9*u + 9545. Give q(k).
0
Let s be 54/(-18) + (-3)/((-3)/5). Let z(l) = 6*l - 2*l - s*l - 3*l - 2. Give z(-6).
4
Let n(z) be the second derivative of z**3/6 + z**2 - 55*z - 14. Calculate n(-5).
-3
Suppose -2*j + 36 - 51 = 5*l, -2*l = j + 7. Let s(x) = -2*x**3 - 10*x**3 - 4 + 5. Determine s(l).
13
Let f(h) = -h**3 - 8*h**2 + 2*h + 3. Let r = -871 + -33. Let c = -912 - r. Give f